{"id":6,"date":"2021-05-31T14:43:54","date_gmt":"2021-05-31T14:43:54","guid":{"rendered":"http:\/\/grunty.6gv2zoycwy-pxr4kj7wq6gn.p.runcloud.link\/?page_id=6"},"modified":"2021-12-09T07:19:30","modified_gmt":"2021-12-09T07:19:30","slug":"home","status":"publish","type":"page","link":"https:\/\/grunty.rawicom.pl\/","title":{"rendered":"Home"},"content":{"rendered":"\t\t<div data-elementor-type=\"wp-page\" data-elementor-id=\"6\" class=\"elementor elementor-6\" data-elementor-settings=\"[]\">\n\t\t\t\t\t\t\t<div class=\"elementor-section-wrap\">\n\t\t\t\t\t\t\t<section class=\"elementor-section elementor-top-section elementor-element elementor-element-d9e93d6 elementor-section-height-min-height elementor-section-items-bottom elementor-section-boxed elementor-section-height-default\" data-id=\"d9e93d6\" data-element_type=\"section\" data-settings=\"{&quot;background_background&quot;:&quot;classic&quot;}\">\n\t\t\t\t\t\t\t<div class=\"elementor-background-overlay\"><\/div>\n\t\t\t\t\t\t\t<div class=\"elementor-container elementor-column-gap-default\">\n\t\t\t\t\t<div class=\"elementor-column elementor-col-100 elementor-top-column elementor-element elementor-element-cf4021b\" data-id=\"cf4021b\" data-element_type=\"column\">\n\t\t\t<div class=\"elementor-widget-wrap elementor-element-populated\">\n\t\t\t\t\t\t\t\t<section class=\"elementor-section elementor-inner-section elementor-element elementor-element-69d1a3c elementor-section-full_width elementor-section-height-default elementor-section-height-default\" data-id=\"69d1a3c\" data-element_type=\"section\">\n\t\t\t\t\t\t<div class=\"elementor-container elementor-column-gap-default\">\n\t\t\t\t\t<div class=\"elementor-column elementor-col-50 elementor-inner-column elementor-element elementor-element-556c8d6\" data-id=\"556c8d6\" data-element_type=\"column\">\n\t\t\t<div class=\"elementor-widget-wrap elementor-element-populated\">\n\t\t\t\t\t\t\t\t<div class=\"elementor-element elementor-element-a3c361d elementor-widget elementor-widget-heading\" data-id=\"a3c361d\" data-element_type=\"widget\" data-widget_type=\"heading.default\">\n\t\t\t\t<div class=\"elementor-widget-container\">\n\t\t\t<h2 class=\"elementor-heading-title elementor-size-default\"><strong>Wydzier\u017caw<\/strong> grunt pod fotowoltaik\u0119 <br><strong>i zarabiaj<\/strong> jak na \u017cniwach!<\/h2>\t\t<\/div>\n\t\t\t\t<\/div>\n\t\t\t\t<div class=\"elementor-element elementor-element-3feaa30 elementor-widget elementor-widget-text-editor\" data-id=\"3feaa30\" data-element_type=\"widget\" data-widget_type=\"text-editor.default\">\n\t\t\t\t<div class=\"elementor-widget-container\">\n\t\t\t\t\t\t\t\t<p>MASZ GRUNT LUB DZIA\u0141K\u0118? WYNAJMIJ J\u0104 I ZARABIAJ<\/p><p><strong>Farma fotowoltaiczna mo\u017ce powsta\u0107 na dzia\u0142ce:<\/strong><\/p><ul><li>o powierzchni ok. 1.5 ha lub wi\u0119kszej<\/li><li>nieos\u0142oni\u0119tej przez budynki i drzewa<\/li><li>o IV lub ni\u017cszej klasie gruntu<\/li><li>z dojazdem utwardzan\u0105 drog\u0105<\/li><\/ul><p>\u00a0<\/p>\t\t\t\t\t\t<\/div>\n\t\t\t\t<\/div>\n\t\t\t\t<div class=\"elementor-element elementor-element-52924f5 elementor-widget elementor-widget-heading\" data-id=\"52924f5\" data-element_type=\"widget\" data-widget_type=\"heading.default\">\n\t\t\t\t<div class=\"elementor-widget-container\">\n\t\t\t<h2 class=\"elementor-heading-title elementor-size-default\">Dowiedz si\u0119 ile mo\u017cesz zarobi\u0107 na swoim gruncie! Wype\u0142nij formularz<\/h2>\t\t<\/div>\n\t\t\t\t<\/div>\n\t\t\t\t\t<\/div>\n\t\t<\/div>\n\t\t\t\t<div class=\"elementor-column elementor-col-50 elementor-inner-column elementor-element elementor-element-590254c\" data-id=\"590254c\" data-element_type=\"column\" data-settings=\"{&quot;background_background&quot;:&quot;classic&quot;}\">\n\t\t\t<div class=\"elementor-widget-wrap elementor-element-populated\">\n\t\t\t\t\t\t\t\t<div class=\"elementor-element elementor-element-f254cc5 elementor-widget elementor-widget-heading\" data-id=\"f254cc5\" data-element_type=\"widget\" data-widget_type=\"heading.default\">\n\t\t\t\t<div class=\"elementor-widget-container\">\n\t\t\t<h3 class=\"elementor-heading-title elementor-size-default\">Opisz swoj\u0105 dzia\u0142k\u0119<\/h3>\t\t<\/div>\n\t\t\t\t<\/div>\n\t\t\t\t<div class=\"elementor-element elementor-element-15713d8 elementor-widget elementor-widget-heading\" data-id=\"15713d8\" data-element_type=\"widget\" data-widget_type=\"heading.default\">\n\t\t\t\t<div class=\"elementor-widget-container\">\n\t\t\t<h5 class=\"elementor-heading-title elementor-size-default\">Nasz konsultant skontaktuje si\u0119 z Tob\u0105 i przygotuje darmow\u0105 wycen\u0119<\/h5>\t\t<\/div>\n\t\t\t\t<\/div>\n\t\t\t\t<div class=\"elementor-element elementor-element-0cd9691 elementor-widget elementor-widget-spacer\" data-id=\"0cd9691\" data-element_type=\"widget\" data-widget_type=\"spacer.default\">\n\t\t\t\t<div class=\"elementor-widget-container\">\n\t\t\t\t\t<div class=\"elementor-spacer\">\n\t\t\t<div class=\"elementor-spacer-inner\"><\/div>\n\t\t<\/div>\n\t\t\t\t<\/div>\n\t\t\t\t<\/div>\n\t\t\t\t<div class=\"elementor-element elementor-element-0f6b85e elementor-button-align-stretch elementor-widget elementor-widget-form\" data-id=\"0f6b85e\" data-element_type=\"widget\" data-settings=\"{&quot;step_next_label&quot;:&quot;Next&quot;,&quot;step_previous_label&quot;:&quot;Previous&quot;,&quot;button_width&quot;:&quot;100&quot;,&quot;step_type&quot;:&quot;number_text&quot;,&quot;step_icon_shape&quot;:&quot;circle&quot;}\" data-widget_type=\"form.default\">\n\t\t\t\t<div class=\"elementor-widget-container\">\n\t\t\t\t\t<form class=\"elementor-form\" method=\"post\" name=\"New Form\">\n\t\t\t<input type=\"hidden\" name=\"post_id\" value=\"6\"\/>\n\t\t\t<input type=\"hidden\" name=\"form_id\" value=\"0f6b85e\"\/>\n\t\t\t<input type=\"hidden\" name=\"referer_title\" value=\"\" \/>\n\n\t\t\t\n\t\t\t<div class=\"elementor-form-fields-wrapper elementor-labels-above\">\n\t\t\t\t\t\t\t\t<div class=\"elementor-field-type-text elementor-field-group elementor-column elementor-field-group-imie_nazwisko elementor-col-50 elementor-field-required\">\n\t\t\t\t\t<label for=\"form-field-imie_nazwisko\" class=\"elementor-field-label\">Imi\u0119 i Nazwisko<\/label><input size=\"1\" type=\"text\" name=\"form_fields[imie_nazwisko]\" id=\"form-field-imie_nazwisko\" class=\"elementor-field elementor-size-sm  elementor-field-textual\" placeholder=\"Imi\u0119 i Nazwisko\" required=\"required\" aria-required=\"true\">\t\t\t\t<\/div>\n\t\t\t\t\t\t\t\t<div class=\"elementor-field-type-tel elementor-field-group elementor-column elementor-field-group-numer_telefonu elementor-col-50 elementor-field-required\">\n\t\t\t\t\t<label for=\"form-field-numer_telefonu\" class=\"elementor-field-label\">Numer telefonu<\/label><input size=\"1\" type=\"tel\" name=\"form_fields[numer_telefonu]\" id=\"form-field-numer_telefonu\" class=\"elementor-field elementor-size-sm  elementor-field-textual\" placeholder=\"Numer telefonu\" required=\"required\" aria-required=\"true\" pattern=\"[0-9()#&amp;+*-=.]+\" title=\"Only numbers and phone characters (#, -, *, etc) are accepted.\">\t\t\t\t<\/div>\n\t\t\t\t\t\t\t\t<div class=\"elementor-field-type-email elementor-field-group elementor-column elementor-field-group-adres_email elementor-col-50 elementor-field-required\">\n\t\t\t\t\t<label for=\"form-field-adres_email\" class=\"elementor-field-label\">Adres Email<\/label><input size=\"1\" type=\"email\" name=\"form_fields[adres_email]\" id=\"form-field-adres_email\" class=\"elementor-field elementor-size-sm  elementor-field-textual\" placeholder=\"Adres email\" required=\"required\" aria-required=\"true\">\t\t\t\t<\/div>\n\t\t\t\t\t\t\t\t<div class=\"elementor-field-type-select elementor-field-group elementor-column elementor-field-group-klasa_dzialki elementor-col-50\">\n\t\t\t\t\t<label for=\"form-field-klasa_dzialki\" class=\"elementor-field-label\">Klasa dzia\u0142ki<\/label>\t\t<div class=\"elementor-field elementor-select-wrapper \">\n\t\t\t<select name=\"form_fields[klasa_dzialki]\" id=\"form-field-klasa_dzialki\" class=\"elementor-field-textual elementor-size-sm\">\n\t\t\t\t<option value=\"I\">I<\/option><option value=\"II\">II<\/option><option value=\"III\">III<\/option><option value=\"IV\">IV<\/option><option value=\"V\">V<\/option><option value=\"VI\">VI<\/option><option value=\"VII\">VII<\/option><option value=\"VIII\">VIII<\/option>\t\t\t<\/select>\n\t\t<\/div>\n\t\t\t\t\t\t<\/div>\n\t\t\t\t\t\t\t\t<div class=\"elementor-field-type-text elementor-field-group elementor-column elementor-field-group-field_15417bb elementor-col-50 elementor-field-required\">\n\t\t\t\t\t<label for=\"form-field-field_15417bb\" class=\"elementor-field-label\">Kod pocztowy<\/label><input size=\"1\" type=\"text\" name=\"form_fields[field_15417bb]\" id=\"form-field-field_15417bb\" class=\"elementor-field elementor-size-sm  elementor-field-textual\" placeholder=\"00-000\" required=\"required\" aria-required=\"true\">\t\t\t\t<\/div>\n\t\t\t\t\t\t\t\t<div class=\"elementor-field-type-text elementor-field-group elementor-column elementor-field-group-field_2c0c39c elementor-col-50 elementor-field-required\">\n\t\t\t\t\t<label for=\"form-field-field_2c0c39c\" class=\"elementor-field-label\">Miejscowo\u015b\u0107<\/label><input size=\"1\" type=\"text\" name=\"form_fields[field_2c0c39c]\" id=\"form-field-field_2c0c39c\" class=\"elementor-field elementor-size-sm  elementor-field-textual\" placeholder=\"Miejscowo\u015b\u0107\" required=\"required\" aria-required=\"true\">\t\t\t\t<\/div>\n\t\t\t\t\t\t\t\t<div class=\"elementor-field-type-number elementor-field-group elementor-column elementor-field-group-powierzchnia_dzialki elementor-col-50 elementor-field-required\">\n\t\t\t\t\t<label for=\"form-field-powierzchnia_dzialki\" class=\"elementor-field-label\">Powierzchnia dzia\u0142ki w HA<\/label><input type=\"number\" name=\"form_fields[powierzchnia_dzialki]\" id=\"form-field-powierzchnia_dzialki\" class=\"elementor-field elementor-size-sm  elementor-field-textual\" placeholder=\"Powierzchnia dzia\u0142ki w ha\" required=\"required\" aria-required=\"true\" min=\"\" max=\"\">\t\t\t\t<\/div>\n\t\t\t\t\t\t\t\t<div class=\"elementor-field-type-number elementor-field-group elementor-column elementor-field-group-szerokosc_dzialki elementor-col-50 elementor-field-required\">\n\t\t\t\t\t<label for=\"form-field-szerokosc_dzialki\" class=\"elementor-field-label\">Szeroko\u015b\u0107 dzia\u0142ki<\/label><input type=\"number\" name=\"form_fields[szerokosc_dzialki]\" id=\"form-field-szerokosc_dzialki\" class=\"elementor-field elementor-size-sm  elementor-field-textual\" placeholder=\"w metrach\" required=\"required\" aria-required=\"true\" min=\"\" max=\"\">\t\t\t\t<\/div>\n\t\t\t\t\t\t\t\t<div class=\"elementor-field-type-radio elementor-field-group elementor-column elementor-field-group-plan_zagospodarowania elementor-col-100 elementor-field-required\">\n\t\t\t\t\t<label for=\"form-field-plan_zagospodarowania\" class=\"elementor-field-label\">Czy na obszarze, na kt\u00f3rym le\u017cy dzia\u0142ka jest uchwalony miejscowy plan zagospodarowania przestrzennego?<\/label><div class=\"elementor-field-subgroup  elementor-subgroup-inline\"><span class=\"elementor-field-option\"><input type=\"radio\" value=\"TAK\" id=\"form-field-plan_zagospodarowania-0\" name=\"form_fields[plan_zagospodarowania]\" required=\"required\" aria-required=\"true\"> <label for=\"form-field-plan_zagospodarowania-0\">tak<\/label><\/span><span class=\"elementor-field-option\"><input type=\"radio\" value=\"NIE\" id=\"form-field-plan_zagospodarowania-1\" name=\"form_fields[plan_zagospodarowania]\" required=\"required\" aria-required=\"true\"> <label for=\"form-field-plan_zagospodarowania-1\">nie<\/label><\/span><span class=\"elementor-field-option\"><input type=\"radio\" value=\"NIE WIEM\" id=\"form-field-plan_zagospodarowania-2\" name=\"form_fields[plan_zagospodarowania]\" required=\"required\" aria-required=\"true\"> <label for=\"form-field-plan_zagospodarowania-2\">nie wiem<\/label><\/span><\/div>\t\t\t\t<\/div>\n\t\t\t\t\t\t\t\t<div class=\"elementor-field-type-radio elementor-field-group elementor-column elementor-field-group-linia_sredniego_napiecia elementor-col-100 elementor-field-required\">\n\t\t\t\t\t<label for=\"form-field-linia_sredniego_napiecia\" class=\"elementor-field-label\">Czy w pobli\u017cu dzia\u0142ki jest linia \u015bredniego napi\u0119cia?<\/label><div class=\"elementor-field-subgroup  elementor-subgroup-inline\"><span class=\"elementor-field-option\"><input type=\"radio\" value=\"TAK\" id=\"form-field-linia_sredniego_napiecia-0\" name=\"form_fields[linia_sredniego_napiecia]\" required=\"required\" aria-required=\"true\"> <label for=\"form-field-linia_sredniego_napiecia-0\">tak<\/label><\/span><span class=\"elementor-field-option\"><input type=\"radio\" value=\"NIE\" id=\"form-field-linia_sredniego_napiecia-1\" name=\"form_fields[linia_sredniego_napiecia]\" required=\"required\" aria-required=\"true\"> <label for=\"form-field-linia_sredniego_napiecia-1\">nie<\/label><\/span><span class=\"elementor-field-option\"><input type=\"radio\" value=\"NIE WIEM\" id=\"form-field-linia_sredniego_napiecia-2\" name=\"form_fields[linia_sredniego_napiecia]\" required=\"required\" aria-required=\"true\"> <label for=\"form-field-linia_sredniego_napiecia-2\">nie wiem<\/label><\/span><\/div>\t\t\t\t<\/div>\n\t\t\t\t\t\t\t\t<div class=\"elementor-field-type-radio elementor-field-group elementor-column elementor-field-group-droga_dojazdowa elementor-col-100 elementor-field-required\">\n\t\t\t\t\t<label for=\"form-field-droga_dojazdowa\" class=\"elementor-field-label\">Droga dojazdowa do dzia\u0142ki<\/label><div class=\"elementor-field-subgroup  elementor-subgroup-inline\"><span class=\"elementor-field-option\"><input type=\"radio\" value=\"BRAK\" id=\"form-field-droga_dojazdowa-0\" name=\"form_fields[droga_dojazdowa]\" required=\"required\" aria-required=\"true\"> <label for=\"form-field-droga_dojazdowa-0\">brak<\/label><\/span><span class=\"elementor-field-option\"><input type=\"radio\" value=\"DROGA ASFALTOWA\" id=\"form-field-droga_dojazdowa-1\" name=\"form_fields[droga_dojazdowa]\" required=\"required\" aria-required=\"true\"> <label for=\"form-field-droga_dojazdowa-1\">droga asfaltowa<\/label><\/span><span class=\"elementor-field-option\"><input type=\"radio\" value=\"DROGA UTWARDZONA\" id=\"form-field-droga_dojazdowa-2\" name=\"form_fields[droga_dojazdowa]\" required=\"required\" aria-required=\"true\"> <label for=\"form-field-droga_dojazdowa-2\">droga utwardzona<\/label><\/span><span class=\"elementor-field-option\"><input type=\"radio\" value=\"INNA\" id=\"form-field-droga_dojazdowa-3\" name=\"form_fields[droga_dojazdowa]\" required=\"required\" aria-required=\"true\"> <label for=\"form-field-droga_dojazdowa-3\">inna<\/label><\/span><\/div>\t\t\t\t<\/div>\n\t\t\t\t\t\t\t\t<div class=\"elementor-field-type-acceptance elementor-field-group elementor-column elementor-field-group-zgoda_1 elementor-col-100 elementor-field-required\">\n\t\t\t\t\t<div class=\"elementor-field-subgroup\"><span class=\"elementor-field-option\"><input type=\"checkbox\" name=\"form_fields[zgoda_1]\" id=\"form-field-zgoda_1\" class=\"elementor-field elementor-size-sm  elementor-acceptance-field\" required=\"required\" aria-required=\"true\"> <label for=\"form-field-zgoda_1\">Zapozna\u0142em\/am si\u0119 z <a href=\"https:\/\/www.rawicom.pl\/polityka-prywatnosci\/\">Polityk\u0105 prywatno\u015bci<\/a><\/label><\/span><\/div>\t\t\t\t<\/div>\n\t\t\t\t\t\t\t\t<div class=\"elementor-field-group elementor-column elementor-field-type-submit elementor-col-100 e-form__buttons\">\n\t\t\t\t\t<button type=\"submit\" class=\"elementor-button elementor-size-sm\">\n\t\t\t\t\t\t<span >\n\t\t\t\t\t\t\t\t\t\t\t\t\t\t\t<span class=\" elementor-button-icon\">\n\t\t\t\t\t\t\t\t\t\t\t\t\t\t\t\t\t\t\t\t\t\t\t\t\t\t<\/span>\n\t\t\t\t\t\t\t\t\t\t\t\t\t\t\t\t\t\t\t\t\t\t<span class=\"elementor-button-text\">WY\u015aLIJ<\/span>\n\t\t\t\t\t\t\t\t\t\t\t\t\t<\/span>\n\t\t\t\t\t<\/button>\n\t\t\t\t<\/div>\n\t\t\t<\/div>\n\t\t<\/form>\n\t\t\t\t<\/div>\n\t\t\t\t<\/div>\n\t\t\t\t\t<\/div>\n\t\t<\/div>\n\t\t\t\t\t\t\t<\/div>\n\t\t<\/section>\n\t\t\t\t\t<\/div>\n\t\t<\/div>\n\t\t\t\t\t\t\t<\/div>\n\t\t<\/section>\n\t\t\t\t<section class=\"elementor-section elementor-top-section elementor-element elementor-element-c1474c4 elementor-section-boxed elementor-section-height-default elementor-section-height-default\" data-id=\"c1474c4\" data-element_type=\"section\" data-settings=\"{&quot;background_background&quot;:&quot;gradient&quot;}\">\n\t\t\t\t\t\t<div class=\"elementor-container elementor-column-gap-default\">\n\t\t\t\t\t<div class=\"elementor-column elementor-col-50 elementor-top-column elementor-element elementor-element-9ea6e06\" data-id=\"9ea6e06\" data-element_type=\"column\">\n\t\t\t<div class=\"elementor-widget-wrap elementor-element-populated\">\n\t\t\t\t\t\t\t\t<div class=\"elementor-element elementor-element-5fde8d2 elementor-widget elementor-widget-heading\" data-id=\"5fde8d2\" data-element_type=\"widget\" data-widget_type=\"heading.default\">\n\t\t\t\t<div class=\"elementor-widget-container\">\n\t\t\t<h5 class=\"elementor-heading-title elementor-size-default\">Nie czekaj i odbierz <strong>darmow\u0105 wycen\u0119<\/strong><\/h5>\t\t<\/div>\n\t\t\t\t<\/div>\n\t\t\t\t\t<\/div>\n\t\t<\/div>\n\t\t\t\t<div class=\"elementor-column elementor-col-50 elementor-top-column elementor-element elementor-element-b732ed6\" data-id=\"b732ed6\" data-element_type=\"column\">\n\t\t\t<div class=\"elementor-widget-wrap\">\n\t\t\t\t\t\t\t\t\t<\/div>\n\t\t<\/div>\n\t\t\t\t\t\t\t<\/div>\n\t\t<\/section>\n\t\t\t\t<section class=\"elementor-section elementor-top-section elementor-element elementor-element-288a545 elementor-section-boxed elementor-section-height-default elementor-section-height-default\" data-id=\"288a545\" data-element_type=\"section\" data-settings=\"{&quot;background_background&quot;:&quot;gradient&quot;}\">\n\t\t\t\t\t\t<div class=\"elementor-container elementor-column-gap-default\">\n\t\t\t\t\t<div class=\"elementor-column elementor-col-33 elementor-top-column elementor-element elementor-element-f334bf9\" data-id=\"f334bf9\" data-element_type=\"column\">\n\t\t\t<div class=\"elementor-widget-wrap elementor-element-populated\">\n\t\t\t\t\t\t\t\t<div class=\"elementor-element elementor-element-71b72b9 elementor-position-left elementor-view-default elementor-vertical-align-top elementor-widget elementor-widget-icon-box\" data-id=\"71b72b9\" data-element_type=\"widget\" data-widget_type=\"icon-box.default\">\n\t\t\t\t<div class=\"elementor-widget-container\">\n\t\t\t\t\t<div class=\"elementor-icon-box-wrapper\">\n\t\t\t\t\t\t<div class=\"elementor-icon-box-icon\">\n\t\t\t\t<span class=\"elementor-icon elementor-animation-\" >\n\t\t\t\t<i aria-hidden=\"true\" class=\"fas fa-volume-mute\"><\/i>\t\t\t\t<\/span>\n\t\t\t<\/div>\n\t\t\t\t\t\t<div class=\"elementor-icon-box-content\">\n\t\t\t\t<h3 class=\"elementor-icon-box-title\">\n\t\t\t\t\t<span >cisza i bezpiecze\u0144stwo<\/span>\n\t\t\t\t<\/h3>\n\t\t\t\t\t\t\t\t<p class=\"elementor-icon-box-description\">Farma fotowoltaiczna jest cicha<br \/>i bezpieczna dla ludzi i \u015brodowiska<\/p>\n\t\t\t\t\t\t\t<\/div>\n\t\t<\/div>\n\t\t\t\t<\/div>\n\t\t\t\t<\/div>\n\t\t\t\t\t<\/div>\n\t\t<\/div>\n\t\t\t\t<div class=\"elementor-column elementor-col-33 elementor-top-column elementor-element elementor-element-3773b8b\" data-id=\"3773b8b\" data-element_type=\"column\" data-settings=\"{&quot;background_background&quot;:&quot;classic&quot;}\">\n\t\t\t<div class=\"elementor-widget-wrap elementor-element-populated\">\n\t\t\t\t\t\t\t\t<div class=\"elementor-element elementor-element-68377de elementor-position-left elementor-view-default elementor-vertical-align-top elementor-widget elementor-widget-icon-box\" data-id=\"68377de\" data-element_type=\"widget\" data-widget_type=\"icon-box.default\">\n\t\t\t\t<div class=\"elementor-widget-container\">\n\t\t\t\t\t<div class=\"elementor-icon-box-wrapper\">\n\t\t\t\t\t\t<div class=\"elementor-icon-box-icon\">\n\t\t\t\t<span class=\"elementor-icon elementor-animation-\" >\n\t\t\t\t<i aria-hidden=\"true\" class=\"fas fa-wrench\"><\/i>\t\t\t\t<\/span>\n\t\t\t<\/div>\n\t\t\t\t\t\t<div class=\"elementor-icon-box-content\">\n\t\t\t\t<h3 class=\"elementor-icon-box-title\">\n\t\t\t\t\t<span >Bezawaryjnie i bezobs\u0142ugowo<\/span>\n\t\t\t\t<\/h3>\n\t\t\t\t\t\t\t\t<p class=\"elementor-icon-box-description\">Farma fotowoltaiczna jest bezawaryjna<br \/>i bezobs\u0142ugowa.<\/p>\n\t\t\t\t\t\t\t<\/div>\n\t\t<\/div>\n\t\t\t\t<\/div>\n\t\t\t\t<\/div>\n\t\t\t\t\t<\/div>\n\t\t<\/div>\n\t\t\t\t<div class=\"elementor-column elementor-col-33 elementor-top-column elementor-element elementor-element-4faa917\" data-id=\"4faa917\" data-element_type=\"column\">\n\t\t\t<div class=\"elementor-widget-wrap elementor-element-populated\">\n\t\t\t\t\t\t\t\t<div class=\"elementor-element elementor-element-b5e89e6 elementor-position-left elementor-view-default elementor-vertical-align-top elementor-widget elementor-widget-icon-box\" data-id=\"b5e89e6\" data-element_type=\"widget\" data-widget_type=\"icon-box.default\">\n\t\t\t\t<div class=\"elementor-widget-container\">\n\t\t\t\t\t<div class=\"elementor-icon-box-wrapper\">\n\t\t\t\t\t\t<div class=\"elementor-icon-box-icon\">\n\t\t\t\t<span class=\"elementor-icon elementor-animation-\" >\n\t\t\t\t<i aria-hidden=\"true\" class=\"far fa-calendar\"><\/i>\t\t\t\t<\/span>\n\t\t\t<\/div>\n\t\t\t\t\t\t<div class=\"elementor-icon-box-content\">\n\t\t\t\t<h3 class=\"elementor-icon-box-title\">\n\t\t\t\t\t<span >wieloletni spok\u00f3j<\/span>\n\t\t\t\t<\/h3>\n\t\t\t\t\t\t\t\t<p class=\"elementor-icon-box-description\">Okres dzier\u017cawy to 29 lat lub wi\u0119cej. Kwota dzier\u017cawy powi\u0119kszona jest corocznie o wska\u017anik inflacji.<\/p>\n\t\t\t\t\t\t\t<\/div>\n\t\t<\/div>\n\t\t\t\t<\/div>\n\t\t\t\t<\/div>\n\t\t\t\t\t<\/div>\n\t\t<\/div>\n\t\t\t\t\t\t\t<\/div>\n\t\t<\/section>\n\t\t\t\t<section class=\"elementor-section elementor-top-section elementor-element elementor-element-9acda92 elementor-section-boxed elementor-section-height-default elementor-section-height-default\" data-id=\"9acda92\" data-element_type=\"section\">\n\t\t\t\t\t\t<div class=\"elementor-container elementor-column-gap-default\">\n\t\t\t\t\t<div class=\"elementor-column elementor-col-100 elementor-top-column elementor-element elementor-element-2683fe6\" data-id=\"2683fe6\" data-element_type=\"column\">\n\t\t\t<div class=\"elementor-widget-wrap elementor-element-populated\">\n\t\t\t\t\t\t\t\t<div class=\"elementor-element elementor-element-d7e6a4d elementor-widget elementor-widget-html\" data-id=\"d7e6a4d\" data-element_type=\"widget\" data-widget_type=\"html.default\">\n\t\t\t\t<div class=\"elementor-widget-container\">\n\t\t\t<script type=\"text\/javascript\">\n    jQuery(document).ready(function(){\n        jQuery('#form-field-powierzchnia_dzialki').attr('step','0.01');\n    });\n<\/script>\t\t<\/div>\n\t\t\t\t<\/div>\n\t\t\t\t\t<\/div>\n\t\t<\/div>\n\t\t\t\t\t\t\t<\/div>\n\t\t<\/section>\n\t\t\t\t\t\t<\/div>\n\t\t\t\t\t<\/div>\n\t\t","protected":false},"excerpt":{"rendered":"<p>Wydzier\u017caw grunt pod fotowoltaik\u0119 i zarabiaj jak na \u017cniwach! MASZ GRUNT LUB DZIA\u0141K\u0118? WYNAJMIJ J\u0104 I ZARABIAJ Farma fotowoltaiczna mo\u017ce powsta\u0107 na dzia\u0142ce: o powierzchni ok. 1.5 ha lub wi\u0119kszej nieos\u0142oni\u0119tej przez budynki i drzewa o IV lub ni\u017cszej klasie gruntu z dojazdem utwardzan\u0105 drog\u0105 \u00a0 Dowiedz si\u0119 ile mo\u017cesz zarobi\u0107 na swoim gruncie! Wype\u0142nij [&hellip;]<\/p>\n","protected":false},"author":1,"featured_media":0,"parent":0,"menu_order":0,"comment_status":"closed","ping_status":"closed","template":"elementor_header_footer","meta":{"footnotes":""},"class_list":["post-6","page","type-page","status-publish","hentry"],"_links":{"self":[{"href":"https:\/\/grunty.rawicom.pl\/index.php\/wp-json\/wp\/v2\/pages\/6","targetHints":{"allow":["GET"]}}],"collection":[{"href":"https:\/\/grunty.rawicom.pl\/index.php\/wp-json\/wp\/v2\/pages"}],"about":[{"href":"https:\/\/grunty.rawicom.pl\/index.php\/wp-json\/wp\/v2\/types\/page"}],"author":[{"embeddable":true,"href":"https:\/\/grunty.rawicom.pl\/index.php\/wp-json\/wp\/v2\/users\/1"}],"replies":[{"embeddable":true,"href":"https:\/\/grunty.rawicom.pl\/index.php\/wp-json\/wp\/v2\/comments?post=6"}],"version-history":[{"count":188,"href":"https:\/\/grunty.rawicom.pl\/index.php\/wp-json\/wp\/v2\/pages\/6\/revisions"}],"predecessor-version":[{"id":277,"href":"https:\/\/grunty.rawicom.pl\/index.php\/wp-json\/wp\/v2\/pages\/6\/revisions\/277"}],"wp:attachment":[{"href":"https:\/\/grunty.rawicom.pl\/index.php\/wp-json\/wp\/v2\/media?parent=6"}],"curies":[{"name":"wp","href":"https:\/\/api.w.org\/{rel}","templated":true}]}}